 q?
8
Let j be (-6)/((-6)/(-2))*-2. Let p(v) = v**2 + 4*v. What is the units digit of p(j)?
2
Suppose w + u - 4*u = -6, 3*u - 9 = 0. Let r(t) = 6*t + 6*t**2 + w*t + t**3 - 4*t + t. What is the units digit of r(-4)?
8
Let p(f) = -9*f**3 - 2*f**2 + 1. Let y be p(-1). Let u = y + 30. Let o = u - 22. What is the tens digit of o?
1
Suppose -6*d + 2*d = -3*t + 28, -24 = -2*t + 4*d. Let g(i) = -5*i + t*i - 7 + 3*i. What is the units digit of g(7)?
7
Suppose 0 = -v - 5, 5*d - 37 = -v - 7. Suppose -d*k = -4*k - 21. What is the units digit of k?
7
Let a(s) = 15*s**2 - 19*s + 7. Let l = -27 + 40. Let y(o) = 7*o**2 - 9*o + 3. Let v(t) = l*y(t) - 6*a(t). What is the units digit of v(-2)?
7
Let p be 45/(-4) - 2/(-8). Let c be (1 + 42/9)*-3. Let q = p - c. What is the units digit of q?
6
Suppose -4*i + 34 = d, 2*i - 52 = -d + 4*i. What is the units digit of d?
6
Suppose 0 = -o + 3*v - v + 323, -5*o - v + 1582 = 0. What is the units digit of o?
7
Let q(s) = -s**3 + 2*s**2 + 6*s + 6. Let p be q(5). Let i = p + 55. Suppose -z + 3*z = i. What is the units digit of z?
8
Let l = -1 + -1. What is the units digit of 3*(2 - l/6)?
7
Let l be (-1)/(-4) + 22/8. Let v = -117 - -147. Suppose -l*z = -v - 6. What is the tens digit of z?
1
What is the units digit of (-6 - -3)/((-2)/54)?
1
Let v(b) = -100*b. Let a be v(-2). Let x be (-2)/(-3) + a/6. Suppose 4*p = -5*t + 3*p + x, -4 = -p. What is the units digit of t?
6
Let j = 31 - -19. What is the units digit of j?
0
Let y = -2 + 2. Suppose -4*m - l = -173, m + 4*l - 32 = -y*m. Suppose -3*t + 19 = n, -5*n - 3*t = -5*t - m. What is the tens digit of n?
1
Suppose -5*l = 4*n - 661, n + 3*l + 112 = 286. What is the units digit of n?
9
What is the units digit of (-4 + -7)/((-1)/3)?
3
Let c(k) = -k + 1. Let i be c(-4). Suppose 0*x - i*x + 15 = 0. Suppose 0*y = -2*y - x*s - 7, y = -2*s - 5. What is the units digit of y?
1
What is the tens digit of 434/8 + 7/(-28)?
5
Let p(j) = 13*j**2 + 29. What is the tens digit of p(-5)?
5
Let f(z) be the first derivative of -z**2 + 2*z - 1. What is the units digit of f(-3)?
8
Let h be ((-65)/78)/((-2)/12). Let y = -2 - -6. Suppose -h*c - y + 29 = 0. What is the units digit of c?
5
Suppose 3*l = 4*l. Let m = l - -2. What is the units digit of m/(-3) - 17/(-3)?
5
Suppose 2*k - 35 = -2*a + 3*k, 2*a - 4*k = 50. What is the units digit of ((-114)/(-15))/(6/a)?
9
Suppose -7*i = -3*i + 4. Let x(y) = -2*y**3 + 2*y**2 + y. What is the units digit of x(i)?
3
What is the tens digit of ((-147)/(-6) - -1)*16/24?
1
Let c = 435 + -237. What is the hundreds digit of c?
1
Suppose 2*v - 4 - 4 = 0. Let t be (v + 5)*(-4)/(-6). Suppose -t*x + 4*x + 10 = 0. What is the units digit of x?
5
Let a be -2 - -2*6/(-4). Let l be (-1)/(-7) + (-660)/(-35). Let w = a + l. What is the units digit of w?
4
Suppose -4*o = -o - 18. Suppose -34 = o*s - 8*s. What is the tens digit of s?
1
Suppose 3*q = -4*g - 0*q + 68, 5*q - 80 = -5*g. What is the units digit of g?
0
Let m = -7 - -16. Let n = -5 + m. Suppose d - 5 + n = 0. What is the units digit of d?
1
Let z = 19 - -18. What is the tens digit of z?
3
Suppose -2*h = -2*q - 36, -3*h = h - 2*q - 80. What is the tens digit of h?
2
Suppose -5*r = -3*r - 8. Suppose -r*v - 3*d = -65, 0 = 3*v + 4*d - 0*d - 40. What is the tens digit of v?
2
Suppose 0*k = 4*k - 40. Suppose 4*y - 10 = k. What is the units digit of 1 + y/(10/4)?
3
Let s(n) be the third derivative of n**4/6 - 5*n**3/6 - n**2. Let x be s(4). Suppose 0 = -c + 2*u + x, -3*u - 13 = -5*c + 35. What is the units digit of c?
9
Let z = 55 + -35. What is the units digit of z?
0
Let w(f) = -4*f - 7 - 2*f + 4*f. Let l be (1 - -2)/(-1) + -3. What is the units digit of w(l)?
5
Suppose -5*y + 5*m = -160, 4*y + 0*m - m = 125. What is the tens digit of y?
3
Let a be (-1 - -1)*(-3)/(-6). Suppose 12 = -d - a. What is the units digit of 4/(-18)*3*d?
8
Let j(a) be the second derivative of -a**3/6 + 2*a**2 - 7*a. What is the units digit of j(-3)?
7
Suppose -4*t + 0 = 44. What is the tens digit of ((-10)/(-8))/(t/(-88))?
1
Let p be (-13)/(-2)*14/7. Suppose 3 + p = -2*c. Let h = c + 14. What is the units digit of h?
6
Suppose 1 = -l + 3. Let d be 2/5*(7 - l). Suppose 2*y - 1 = -c, 3*c + d - 9 = -4*y. What is the units digit of c?
5
Let t(f) be the first derivative of f**3/3 + 9*f**2/2 + 9*f + 4. What is the units digit of t(-9)?
9
Let c be 9/(-6)*56/(-6). Let p = c - 1. What is the tens digit of p?
1
Let s = -2 + 2. Suppose 5*r + s*r = -40. Let l = 0 - r. What is the units digit of l?
8
Let n = 55 + -5. What is the tens digit of n?
5
Let w(b) = -b - 4. Let y be w(-6). Suppose -y*i + 2*c = -0*c - 6, 3*i = 2*c + 7. What is the units digit of i?
1
Suppose 4*s = o + 1090, 8*s - 6*s - 2*o - 548 = 0. What is the units digit of s?
2
Suppose 4*l = g - 43, 60 + 123 = 4*g - 5*l. What is the units digit of g?
7
Suppose -2*j = -3*k - 376, 0 = 5*j + 3*k - 423 - 517. What is the units digit of j?
8
Let z = -28 + 42. Suppose -5*j + 22 = t, 0 = -2*t + t - 3*j + z. Suppose 19 = t*q + 3. What is the units digit of q?
8
Suppose x = -4*g + 14, 2*x - 4*g - 78 = -2*g. What is the tens digit of x?
3
Let z = 14 - 11. Suppose -z*d + 24 - 3 = 0. What is the units digit of d?
7
What is the hundreds digit of (50/15 + -2)/(1/198)?
2
What is the tens digit of 2/6*0 + (166 - -7)?
7
Let w(o) = o. Let r be w(0). Suppose r*b = -2*b - q - 37, 0 = -2*b - 4*q - 46. Let v = 25 + b. What is the units digit of v?
8
Let d be (-3)/(-3) - (-16)/4. Suppose 4*g = -5*w + 47, -w = -d*g + 2*w + 68. What is the tens digit of g?
1
Suppose 3*q + 5*x - 22 = 9, -3*x = -4*q - 7. Let a be 1/((q/(-5))/(-2)). Suppose -a*u + s = -80, 3*s = -u - 0 + 16. What is the units digit of u?
6
Suppose -b = 5*h + 2*b - 34, -4*h - 2*b = -26. Suppose -2*u = 5*q - 11 - 4, 3*q = -h*u + 9. What is the units digit of q?
3
Let u = 177 + -117. What is the units digit of u?
0
Let j = -627 - -882. What is the units digit of j?
5
Suppose 2*i + u - 25 + 4 = 0, -2*u - 6 = 0. What is the tens digit of i?
1
What is the tens digit of (-6)/10 + 288/5?
5
Suppose -3*d + 12 = d. Suppose -d*g = -6 - 21. What is the units digit of g?
9
Let a = -47 - -80. What is the units digit of a?
3
Suppose 2*f - 2*t - 2*t = 42, 5*f - 105 = 2*t. What is the tens digit of f?
2
Let n = -2 + 38. Suppose 2*t - 18 = -3*b + 5, 3*t + 3*b = n. What is the units digit of t?
3
Let g be (9/(-6) - 0)*-2. Suppose 0 = t + g - 12. What is the units digit of t?
9
Let p be 3/(((-9)/(-14))/3). Suppose -13 = 3*o + p. Let y = o - -14. What is the units digit of y?
5
Let k = 1 + -2. What is the units digit of 20/(k - 12/(-8))?
0
What is the units digit of 1170/22 + (-4)/22?
3
Let l(v) = 13*v. Let m be (-27)/(-21) + 6/(-21). Let q be l(m). Suppose -2*j + 18 + q = -5*t, -5*j + 4*t = -52. What is the units digit of j?
8
Let w(q) = 95*q**2 + 1. What is the units digit of w(-1)?
6
Let f(d) = -d**3 + 7*d**2 + 7*d + 8. Let y be f(8). Suppose -3*t = -y*t - 111. Suppose 0 = -5*b - 4*g + t, 2*b - 5 - 3 = -5*g. What is the units digit of b?
9
Let s be ((-3)/(-1) - 10)*-1. Let m(t) = t**3 - 6*t**2 - 6*t + 7. What is the tens digit of m(s)?
1
Let g be 852/(-54) + 4/(-18). Let y = 10 + g. Let c = y + 18. What is the tens digit of c?
1
Suppose -10*d + 6 = -8*d. What is the units digit of d?
3
Let w(u) = 7*u**2 + 9*u. What is the tens digit of w(-4)?
7
Suppose 7*u - 12*u = -10. Suppose 3*m - u*x - 76 = 0, -2*m - 3*x + 72 = x. What is the units digit of m?
8
Let f = 155 - 45. What is the hundreds digit of f?
1
Suppose -3*t - 2*t + 240 = 0. What is the tens digit of t?
4
Let d be (3 - 4)/((-2)/16). Let t(f) = -f - 9. Let y be t(d). Let j = y + 24. What is the units digit of j?
7
Suppose -5*l - 2 - 8 = 0. What is the units digit of 2/1 - l - 1?
3
Let x(v) = v**3 - 8*v**2 - v + 11. Let b be x(8). Suppose 0 = -b*y + 4*y - 12. Let t(k) = k**2 - 12*k + 4. What is the units digit of t(y)?
4
Let u be (-579)/(-9) - (-4)/6. Suppose 4*c - u = -5*a - 6, 3*c = 4*a - 72. What is the units digit of a?
5
Let l = -24 - -58. What is the tens digit of l?
3
Let i be 6/(-9) - 58/3. Let b = -11 - i. What is the units digit of b?
9
Suppose -34*r + 33*r + 11 = 0. What is the units digit of r?
1
Let l(h) = -h**2 - 12*h - 10. What is the tens digit of l(-10)?
1
Let r = -13 - -19. Let m = 4 + -8. Let l = r + m.